 y be 25771/10 - 18/180. Is y/21 - (16/(-14))/4 a prime number?
False
Let j be -3 + (-13614)/9 + (-5)/15. Let o = -768 - j. Suppose -o = -18*a + 314. Is a a prime number?
True
Let c(o) = 9*o**3 - 16*o**2 - 13*o + 221. Is c(15) a composite number?
False
Let o(u) = -u**3 - 44*u**2 - 198*u - 159. Is o(-40) prime?
True
Suppose 17*f = -30*f - 5*f + 3660956. Is f a prime number?
False
Let p = 85669 - -79048. Is p a prime number?
False
Let b(c) = c**2 + 2*c + 15. Let n be b(-5). Let u be (-2)/((-10)/(-25) - 22/n). Suppose u*z - 275 = 223. Is z a composite number?
False
Let v(t) = 439752*t**2 + 42*t + 43. Is v(-1) composite?
False
Suppose 2501921 - 1318486 + 1488402 = 19*g. Is g a composite number?
True
Suppose 51*z = 41*z + 145530. Suppose 2*t = 3*s - z, -3*s = -5*t - 18236 + 3692. Is s a composite number?
True
Let n(w) = -w**3 + 2*w**2 + 6*w + 9. Let v be n(4). Is (4/(-34))/v - (-239247)/51 a composite number?
False
Let x(l) = 28 + 45*l**2 - 3 + 39*l - 37*l. Is x(8) prime?
False
Let y(f) = 8*f**3 + 10*f**2 + 14*f + 54. Let x(b) = -9*b**3 - 12*b**2 - 15*b - 55. Let v(s) = -5*x(s) - 6*y(s). Is v(-7) a prime number?
False
Let i(w) = -5*w**3 - 2*w**2 - w - 2. Let t be i(-2). Suppose 3*d - 9*h = -5*h + 697, 0 = -3*d - 5*h + 688. Let c = d - t. Is c a composite number?
False
Suppose -5*h - 70118 = -2*w + 96780, 3*h - 83471 = -w. Is w prime?
True
Let k = 66829 + 29962. Is k prime?
False
Suppose 2*v = 5*m + 1652, 428*v - 431*v = -m - 2491. Is v prime?
False
Let w be (-1 - 2/(-6))*6/1. Let m(j) = -35*j**3 + 10*j + 31. Is m(w) a composite number?
True
Suppose 0 = -2*y + 7*y - 40. Suppose 0 = n + 4*h - 2937, y*n = 3*n - h + 14723. Suppose -n = -5*b + 3270. Is b composite?
True
Let a = -2353361 + 3604888. Is a a prime number?
True
Let i = -122 - -125. Suppose 0 = z - 5*l - 6148, i*l = 6*z - 9*z + 18426. Is z composite?
False
Suppose 0 = -2*l + 4*v + 16, 5*l - 4*l - 3*v = 4. Suppose -4*c = -4*o + l, 7*c + 3*o = 4*c. Is 14192/7 - (c + 68/28) a composite number?
False
Suppose 6*p + 3*l = 11*p - 2285066, 5*p - 2285106 = -2*l. Is p composite?
True
Let s(a) be the third derivative of -a**6/24 - a**5/15 - a**4/24 - 13*a**3/6 - 19*a**2 + 1. Is s(-9) prime?
False
Let t be -2*475 + 3 + -5. Let c = t - -1591. Is 2/4*(-5 + c) a prime number?
True
Suppose 101*g + 3*o + 422914 = 102*g, -2114630 = -5*g - 5*o. Is g prime?
True
Let h be 2/10 + (-126)/(-70). Suppose -7*f = -h*f + 25, 5*z + 5*f = 22780. Is z a prime number?
True
Let o = -11 - -16. Suppose o*a - 28 = -2*a. Suppose -4*x + 1052 = a*n - 0*x, 0 = n + 4*x - 275. Is n a composite number?
True
Is (-1)/(-6)*26241*3*2/3 prime?
True
Let w(n) = 44*n**3 - 11*n**2 - 15*n + 1270. Is w(31) prime?
False
Let s = -19 + 98. Let n = s - 5. Suppose -n + 588 = w. Is w a prime number?
False
Let m(u) = u**2 + 10*u + 25. Let z(s) = s**2 + s. Let g = 17 - 14. Let x be z(g). Is m(x) composite?
True
Let a = 99 - 78. Suppose 2*u - 5*n = a, u + 3*u - 3*n = 7. Is 1/(1*u/(-682)) a prime number?
False
Let h(q) = -q**2 - 7*q + 12. Let k be h(-8). Suppose k*g + 5*i - 5731 = 0, 2*i + 4327 = 3*g - 0*i. Is g a composite number?
False
Let h(c) = -1270*c + 19 + 298*c + 198*c - 1190*c + 62. Is h(-19) a composite number?
False
Suppose 5*m + 4*c = -25307 + 194484, -m + 33821 = -4*c. Is m a composite number?
True
Let y(n) = 1039*n**2 - 336*n - 2011. Is y(-6) prime?
True
Let u(g) = 8*g**3 - 4*g**2 - 8*g + 3. Let j be u(5). Suppose -p + 5*s = -28 + j, s - 839 = p. Let r = 1517 + p. Is r a composite number?
False
Is (6224514/684)/(1/(-3))*(-1 + -1) composite?
False
Suppose 0 = -156*a + 101*a + 17401505. Is a prime?
True
Suppose 0 = 4*j - 5*j, 3*f - 72 = 4*j. Let p(a) = -89*a - 35*a - f*a + 3 - 9*a. Is p(-8) a prime number?
True
Let x be (-8817)/(-15) + 4/20. Let d = x + 13. Suppose -d = -5*l + j, -3*l = j - 157 - 210. Is l composite?
True
Let h = 459661 + -195938. Is h a prime number?
True
Is (40838 - -1)*((-7)/77)/((-18)/2706) prime?
False
Let w(b) = -3405*b + 2. Let z be (-5*(-3)/15)/(-1). Is w(z) composite?
False
Suppose 42952026 + 295178789 + 150700805 = 380*u. Is u composite?
False
Is 637810/22 + (-1 - (-7)/11) composite?
True
Let y = 92 + -82. Let s(l) = -l**2 + 11*l - 10. Let c be s(y). Suppose -32*n + 34*n - 2062 = c. Is n composite?
False
Let w(k) = -1 - 2233*k + 2 + 1 - 1962*k. Let o(m) = 26*m + 155. Let v be o(-6). Is w(v) prime?
False
Let c(p) = -29*p**2 - 10*p + 25. Let b be c(6). Let g = -744 - b. Is g composite?
True
Let v = -17 + 21. Suppose v*b - 5*p = 12, b - 7*p = -2*p + 3. Suppose -a - 4750 = -3*u, b*u - 3*a = u + 3169. Is u prime?
True
Let t = 1376759 + -776412. Is t a prime number?
False
Let q be (-1524)/(-96) - (-1)/8. Suppose -q*a = -15*a - 3048. Let j = -2083 + a. Is j composite?
True
Let p = -35563 - -95761. Is 1/(-3)*-1 + p/9 a prime number?
True
Let h(k) = 13*k - 49. Let i be h(5). Suppose i*j - 21*j + 3715 = 0. Is j prime?
True
Let k be (-2 - 4) + -4162 - 2. Let o = -1351 - k. Is o composite?
False
Suppose -5 + 1 = -n + 4*t, -22 = 2*n - 2*t. Let l = n - -18. Suppose -161 = -d - l*i, -3*i = -1 - 8. Is d composite?
True
Let u = -56 - -55. Let z be -2 + -3 + (446 - u). Suppose -8*q + 18222 = -z. Is q composite?
False
Let a = 40 + -40. Is -3 - (a + 12942*-3) composite?
True
Suppose u = -3*c + 397542, 0 = c - 15*u + 20*u - 132528. Is c a prime number?
False
Suppose -3*x + 3 = -2*x. Suppose 1 = 2*d + 2*i - x, -2*d - 5 = -i. Is (-1)/((-3)/(-12)) - 2063*d a prime number?
False
Is (1325/(-20) - 1)/((-6)/1272) a composite number?
True
Suppose -4*l + 16 = h - 5*h, 2*h - 20 = -5*l. Suppose -2*v + w + 4 = h, w - 3*w = -v - 1. Let o(t) = 12*t**3 + 5*t**2 - 6*t + 4. Is o(v) composite?
True
Suppose 21*h - 362438 - 756257 = 1383938. Is h a prime number?
True
Let g(i) be the second derivative of -i**5/20 - 11*i**4/6 - 8*i**3/3 + 16*i**2 + 60*i. Is g(-23) a prime number?
True
Suppose 4*v + 600 = 9*v. Suppose 2098 = 4*x - 3*z, -x - 3*z + 397 + v = 0. Is x prime?
True
Let k be (-1 - -2683) + 8/(-4). Suppose 2*s - 286 = -k. Let r = 1780 + s. Is r prime?
False
Is (-63)/(-35)*-5 + 97276 a prime number?
False
Let j(v) be the second derivative of -2179*v**7/840 - v**6/180 - v**5/60 + 5*v**3/6 + 24*v. Let f(m) be the second derivative of j(m). Is f(-1) a prime number?
True
Suppose 0 = 5*d + 5*y - 7*y - 25, -2*d = -3*y - 21. Suppose 4*h + d*a = 3173, 195 = 2*h + 2*a - 1389. Is h prime?
True
Suppose -3*z - 3*a + 115 = 2*a, 4*a = -5*z + 183. Is (-1)/3*z/((-315)/551394) prime?
False
Let t(i) = -9*i**2 - 5*i**3 + 1 + 3*i**3 + 2*i**3 - 13*i - i**3. Let u be t(-7). Is ((-898)/(-3))/((-4)/u) composite?
False
Is 105319*((-4)/14 + 8/280*45) a prime number?
True
Let g(t) = 73942*t - 2211. Is g(7) a prime number?
False
Suppose 2*o - o - 5*j = -3, -4*j = -3*o + 2. Is (o/(-6))/(1 - (-30112)/(-30111)) a composite number?
False
Let p(t) = -t**2 + 18*t - 27. Let q be p(16). Suppose -2*j = -q*v - 1189 + 256, 472 = j + 3*v. Is j prime?
False
Suppose 340 = 12*k + 22*k. Is (0 + (-25)/k)/((-3)/2766) a composite number?
True
Suppose 0 = -5*k + 4*k + 2*f - 5237, -5*k + 2*f - 26217 = 0. Let a = 7578 + k. Is a composite?
False
Let q(i) = 10*i**2 - 33*i - 8. Let w = 185 - 260. Let m = w - -85. Is q(m) a prime number?
False
Let x = 30818 - 21115. Is x a composite number?
True
Let f(s) = s**3 - s**2 - 4*s - 1. Let p be f(3). Suppose -3*q - p*v = -5206, -5*q - 5*v + 8630 = -6*v. Is q prime?
False
Suppose 15*j - 20*j - 4*x + 2569587 = 0, 0 = 5*j - 4*x - 2569603. Is j a composite number?
True
Suppose -271*s + 216*s + 5412055 = 0. Is s a composite number?
True
Let v(b) = 184*b + 2030. Let a be v(5). Let c = -1397 - -30. Let i = c + a. Is i a prime number?
True
Let z = -5093 + 14845. Suppose -z = -19*b + 11*b. Is b composite?
True
Let p be (-7 - 1) + 19/((-95)/10). Let z(g) = g**2 - 21*g + 27. Is z(p) a composite number?
False
Suppose 5*x + 5*b - 219400 = 0, 20*x - 4*b = 18*x + 87754. Is x composite?
True
Let p = 43 - 41. Suppose 0*j = -p*j + 846. Let w = j - 52. Is w a composite number?
True
Let t(d) = -29*d**2 - 5*d + 57. Let v be t(10). Let x = v + 5130. Is x a prime number?
True
Suppose 5*u - 2*y = -3*y + 268859, 19*y = -114. Is u a composite number?
False
Suppose -4*p + 5*b + 457248 = 0, 5*p - 84*b + 80*b - 571551 = 0. Is p composite?
True
Let w(j) be the third derivative of -j**6/